82
Let v(q) = 4*q**3 - q**2 - 65*q - 41. Calculate v(8).
1423
Let i(a) = -12291*a + 110607. Give i(9).
-12
Let q(f) = -f**3 + 88*f**2 + 88*f - 245. Give q(89).
-334
Let t(q) = -q**3 - 286*q**2 - 161*q + 35659. Calculate t(-285).
319
Let m(b) = -127*b**2 + 1855*b + 765. What is m(15)?
15
Let g(t) = -863*t + 13208. What is g(15)?
263
Let o(t) = -904*t - 314621. What is o(-348)?
-29
Let b(v) = -2541*v + 38574. What is b(14)?
3000
Let c(u) = 30710*u + 10902034. Give c(-355).
-16
Let t(x) = x**2 + 585*x - 16507. Determine t(27).
17
Let v(q) = -q**2 - 40*q - 408. Give v(-10).
-108
Let o(n) = n**3 - 180*n**2 - 1685*n - 3024. Calculate o(189).
0
Let v(r) = -41*r + 255. What is v(2)?
173
Let t(o) = -72*o**2 - 10962*o - 2728. What is t(-152)?
8
Let j(k) = -5988*k - 9161646. Determine j(-1530).
-6
Let a(j) = -2*j**2 + 1814*j + 40871. Calculate a(-22).
-5
Let m(b) = -2113*b - 65964. Give m(-31).
-461
Let y(d) = -31359*d - 313594. Calculate y(-10).
-4
Let d(y) = 46*y + 551. Calculate d(32).
2023
Let v(h) = -10*h**3 + 231*h**2 - 46*h + 527. What is v(23)?
-2
Let b(o) = -3*o**3 - 13*o**2 + 59*o - 68. Calculate b(3).
-89
Let a(y) = 2*y**2 - 242*y + 149. Calculate a(120).
-91
Let m(w) = 8350*w + 32688. Give m(-4).
-712
Let o(u) = u**3 - 33*u**2 - 382*u + 12058. Determine o(26).
-2606
Let q(v) = v**3 + 246*v**2 - 526*v - 68915. Calculate q(-247).
-2
Let n(g) = -8406*g - 71114. Determine n(-8).
-3866
Let i(a) = -20*a + 533. Determine i(29).
-47
Let q(a) = -88640*a + 11434564. Give q(129).
4
Let d(a) = -84*a - 1508. Determine d(-12).
-500
Let c(r) = -r**2 - 44827*r - 1030392. Calculate c(-23).
100
Let s(m) = 254*m - 6630. Determine s(28).
482
Let d(w) = 45*w**2 - 287*w + 556. Calculate d(2).
162
Let q(t) = -t**3 - 141*t**2 - 2736*t - 13377. Give q(-8).
-1
Let b(d) = -248758*d + 1990043. Determine b(8).
-21
Let c(b) = -2*b**2 + 16*b + 11. Give c(-4).
-85
Let b(t) = 42*t**2 + 398*t + 2017. Determine b(-5).
1077
Let q(c) = 36*c**2 + 739*c - 7874. Calculate q(-28).
-342
Let n(g) = 6*g**2 + 606*g - 1825. Calculate n(3).
47
Let k(d) = -2*d**2 - 12591*d + 430432. Determine k(34).
26
Let o(m) = 10771*m + 182. Give o(0).
182
Let s(u) = -2*u**3 + 33*u**2 + 1080*u - 18458. Determine s(18).
10
Let m(z) = 12*z**2 + 8978*z - 117186. Give m(-761).
8
Let g(x) = 82*x**2 + 406*x + 238. Determine g(-4).
-74
Let o(h) = -h**3 - 109*h**2 + 37560*h + 10574. Determine o(147).
-10
Let m(t) = t**2 - 103404*t - 1758157. Give m(-17).
0
Let v(y) = -1727*y - 41604. Give v(-24).
-156
Let b(g) = 4*g**2 + 231*g + 2636. Calculate b(-62).
3690
Let z(q) = q**3 - 112*q**2 + 2957*q + 6376. Determine z(49).
6
Let q(t) = -t**2 - 988*t - 21280. What is q(-21)?
-973
Let y(m) = -m**3 - 20*m**2 + 10*m + 969. What is y(-18)?
141
Let f(a) = 8919*a + 240813. Calculate f(-27).
0
Let d(t) = -16*t**2 + 774*t + 5260. Calculate d(-6).
40
Let d(f) = 4*f**3 - 20*f**2 + 684*f + 1436. Give d(-2).
-44
Let s(u) = -3*u**3 + 104*u**2 - 162*u - 119. Give s(33).
-20
Let a(b) = -b**3 + 8*b**2 + 230*b - 2054. Determine a(9).
-65
Let y(l) = -l**3 + 4088*l**2 - 40780*l - 2. Give y(10).
-2
Let t(f) = -2*f**3 - 310*f**2 + 1972*f - 217. Calculate t(6).
23
Let v(k) = -197*k + 2194. Determine v(17).
-1155
Let q(c) = 368*c + 527. Calculate q(-4).
-945
Let b(y) = -14*y + 523. Determine b(-6).
607
Let g(i) = 2*i**3 - 70*i**2 - 4*i - 139. Give g(35).
-279
Let t(v) = -3*v**2 + 210*v - 1440. What is t(58)?
648
Let i(m) = m**3 + 370*m**2 + 1105*m + 1466. Calculate i(-367).
-2
Let z(s) = 2*s**3 + 181*s**2 - 83*s + 1482. What is z(-91)?
754
Let z(s) = -2*s**2 + 15543*s + 31104. Determine z(-2).
10
Let r(i) = 265*i - 9023. Determine r(34).
-13
Let z(y) = -733*y + 4419. Calculate z(6).
21
Let u(h) = 4743*h + 23586. What is u(-5)?
-129
Let v(n) = -15*n**2 - 490*n + 426. What is v(-33)?
261
Let g(o) = -o**3 + 8*o**2 + 382*o - 2612. Determine g(7).
111
Let q(s) = -19*s**2 + 7*s - 143. Give q(14).
-3769
Let v(d) = 3*d**2 + 2136*d - 34945. What is v(16)?
-1
Let w(z) = -3*z**3 - 359*z**2 + 2535*z + 289827. What is w(-120)?
27
Let n(y) = 3*y**3 + 328*y**2 - 1240*y + 338. Give n(-113).
-1
Let m(k) = -177*k - 5377. Calculate m(-44).
2411
Let y(p) = -2462*p - 2503865. What is y(-1017)?
-11
Let t(j) = -6*j**3 - 72*j**2 + 711*j + 8543. What is t(-11)?
-4
Let p(q) = -24*q**2 - 687*q - 37. Determine p(-28).
383
Let y(h) = 659*h - 32928. What is y(50)?
22
Let z(m) = -2*m**3 + 301*m**2 - 145*m + 4292. What is z(150)?
5042
Let f(u) = -11028*u - 474207. Determine f(-43).
-3
Let f(b) = -b**3 + 6*b**2 + 220*b - 155. Determine f(-11).
-518
Let d(f) = -212*f + 8033. Calculate d(38).
-23
Let o(f) = -10221*f + 122879. Determine o(12).
227
Let z(k) = -1317*k - 3717. Calculate z(-3).
234
Let n(v) = -579*v - 3485. What is n(-7)?
568
Let y(m) = -188*m - 39678. What is y(-211)?
-10
Let q(d) = 10*d**3 + 40*d**2 - 79*d - 160. What is q(-5)?
-15
Let n(r) = -33*r + 163. Give n(2).
97
Let x(i) = 286612*i + 13184156. Calculate x(-46).
4
Let a(p) = -6*p**3 - 62*p**2 + 65*p + 825. Calculate a(-10).
-25
Let i(l) = -4*l**3 - 61*l**2 + 348*l - 47. What is i(5)?
-332
Let g(k) = -2*k**3 + 242*k**2 - 319*k + 9619. Calculate g(120).
139
Let w(g) = 3*g**3 + 613*g**2 + 205*g + 198. What is w(-204)?
-6
Let k(p) = -87*p + 19094. Determine k(223).
-307
Let d(i) = -i**2 + 81*i - 1182. What is d(24)?
186
Let w(l) = l**3 + 15*l**2 - 67*l + 141. Calculate w(-16).
957
Let z(d) = d**2 + 20219*d + 484216. Give z(-24).
-464
Let r(i) = 967*i + 53107. Give r(-55).
-78
Let y(z) = -70*z**3 + 213*z**2 + 66*z - 194. Calculate y(3).
31
Let l(i) = -19661*i + 1690751. Determine l(86).
-95
Let j(o) = 8*o**3 + 6*o**2 - 102*o - 328. Give j(-3).
-184
Let w(y) = -15*y**3 - 25*y**2 - 37*y + 3. Calculate w(-3).
294
Let n(z) = -z**3 - 282*z**2 + 816*z - 11176. Calculate n(-285).
-61
Let x(t) = -6*t**2 - 50*t - 299. Give x(-7).
-243
Let d(y) = -8*y**2 + 67*y + 60. Give d(5).
195
Let i(z) = -z**3 + 20*z**2 - 60*z + 1063. What is i(20)?
-137
Let t(o) = 1674*o - 157206. Give t(94).
150
Let f(s) = 682*s - 18865. Determine f(28).
231
Let p(v) = 3*v**3 - 308*v**2 + 108*v - 21721. What is p(103)?
12
Let g(o) = 14*o**2 + 3*o + 1875. What is g(0)?
1875
Let j(l) = 10*l**2 - 518*l - 239. Determine j(52).
-135
Let r(q) = 447*q**2 - 5469*q + 6066. Give r(11).
-6
Let q(t) = 10*t**3 - 17*t**2 + 49*t - 36. Determine q(1).
6
Let k(s) = 14303802*s + 71519015. Calculate k(-5).
5
Let i(p) = 36*p**2 + 707*p - 6. Calculate i(0).
-6
Let d(v) = 3*v**2 + 714*v + 13710. Determine d(-21).
39
Let p(o) = -30540*o + 427566. What is p(14)?
6
Let d(q) = -26*q**2 - 70*q - 305. What is d(-6)?
-821
Let o(q) = -q**3 - 21*q**2 - 75*q + 131. Give o(-4).
159
Let p(z) = -89302*z - 446611. What is p(-5)?
-101
Let v(y) = -1467*y**2 - 11804*y - 639. Determine v(-8).
-95
Let b(l) = -l**2 - 110*l - 15. Determine b(11).
-1346
Let n(z) = -794*z + 2876. What is n(5)?
-1094
Let s(t) = -t**2 - 14*t + 1723. What is s(-49)?
8
Let n(m) = 10*m**3 - 356*m**2 + 405*m + 4742. What is n(34)?
16
Let x(r) = -r**2 + 46*r + 133386. Give x(-343).
-41
Let w(s) = -s**3 + 76*s**2 - 27*s + 11284. Calculate w(77).
3276
Let k(o) = 4917*o + 20450. Calculate k(-4).
782
Let v(c) = c**2 - 1540*c + 149355. Determine v(104).
11
Let q(b) = -17617*b - 11. Determine q(0).
-11
Let k(l) = 646*l - 12259. Give k(19).
15
Let r(u) = -u**3 + 124*u**2 - 1131*u - 1012. Give r(114).
14
Let h(q) = -1035*q + 188385. Calculate h(182).
15
Let c(j) = -j**2 + 2*j + 19876. Calculate c(142).
-4
Let p(l) = 9*l**3 - 94*l**2 - 28*l + 153. Determine p(10).
-527
Let n(w) = w**3 - 22*w**2 + 54*w + 533. Determine n(19).
476
Let k(x) = 9*x**2 - 13*x + 74. Calculate k(-16).
2586
Let d(b) = 2464*b + 32395. Calculate d(-13).
363
Let s(l) = l**3 - 18*l**2 - 77*l + 248. Determine s(21).
-46
Let q(u) = -4*u**2 + 518*u + 3141. Calculate q(135).
171
Let z(y) = -4*y**2 - 13965*y - 524878. Give z(-38).
16
Let y(g) = -46*g**3 - 61*g + 182. Give y(3).
-1243
Let i(q) = q**3 - 65*q**2 + 664*q + 2428. Calculate i(51).
-122
Let h(k) = 251*k + 80054. Give h(-319).
-15
Let q(v) = v**2 - 84120*v + 84123. What is q(1)?
4
Let b(a) = -2223027*a + 2223040. Calculate b(1).
13
Let o(z) = -6*z**2 + 2408*z + 17127. What is o(-7)?
-23
Let a(p) = 126*p - 686. Give a(11).
700
Let u(o) = -11*o**2 + 10822*o - 3. Determine u(0).
-3
Let s(x) = -77